{"id":27775,"date":"2025-05-06T10:39:51","date_gmt":"2025-05-06T10:39:51","guid":{"rendered":"https:\/\/enotecalaboutiquedelvino.it\/?product=champagne-laurent-perrier-brut-cl-75-12-vol"},"modified":"2025-12-29T12:44:13","modified_gmt":"2025-12-29T12:44:13","slug":"champagne-laurent-perrier-brut-cl-75-12-vol","status":"publish","type":"product","link":"https:\/\/enotecalaboutiquedelvino.it\/?product=champagne-laurent-perrier-brut-cl-75-12-vol","title":{"rendered":"Champagne Laurent Perrier La Cuv\u00e8e Brut Cl.75 12% Vol."},"content":{"rendered":"<p><strong>Champagne Laurent Perrier La Cuv\u00e8e Brut Cl.75 12% Vol.<\/strong><\/p>\n<p>Laurent Perrier La Cuv\u00e9e Brut \u00e8 uno Champagne simbolo di raffinatezza e purezza. Questo Brut nasce da un assemblaggio di Chardonnay, Pinot Noir e Pinot Meunier, provenienti da 55 cru diversi della regione dello Champagne. Un lungo affinamento di 36 mesi sui lieviti conferisce a questo Champagne una complessit\u00e0 aromatica e una persistenza eccezionali. Colore giallo paglierino brillante, con un perlage fine e persistente, al naso rivela aromi di agrumi, fiori bianchi e delicate note di brioche. Al palato \u00e8 fresco, elegante e armonioso, con un finale lungo e minerale.<\/p>\n<p><span style=\"font-size: 0.875rem;\">Allergeni: Contiene Solfiti<\/span><\/p>\n<p>Gradazione Alcolica: 12% Vol.<\/p>\n<p>Produttore: Laurent Perrier<\/p>\n<p>Venditore: Laurent Perrier Italia Spa<\/p>\n","protected":false},"excerpt":{"rendered":"<p>Champagne Laurent Perrier La Cuv\u00e8e Brut Cl.75 12% Vol. Laurent Perrier La Cuv\u00e9e Brut \u00e8 uno Champagne simbolo di raffinatezza e purezza. Questo Brut nasce da un assemblaggio di Chardonnay, Pinot Noir e Pinot Meunier, provenienti da 55 cru diversi della regione dello Champagne. Un lungo affinamento di 36 mesi sui lieviti conferisce a questo Champagne una complessit\u00e0 aromatica e una persistenza eccezionali. Colore giallo paglierino brillante, con un perlage fine e persistente, al naso rivela aromi di agrumi, fiori bianchi e delicate note di brioche. Al palato \u00e8 fresco, elegante e armonioso, con un finale lungo e minerale. Allergeni: Contiene Solfiti Gradazione Alcolica: 12% Vol. Produttore: Laurent Perrier Venditore: Laurent Perrier Italia Spa<\/p>\n","protected":false},"featured_media":37549,"template":"","meta":{"_joinchat":[]},"product_brand":[],"product_cat":[3348],"product_tag":[],"class_list":{"0":"post-27775","1":"product","2":"type-product","3":"status-publish","4":"has-post-thumbnail","6":"product_cat-champagne","8":"first","9":"instock","10":"purchasable","11":"product-type-simple"},"jetpack_sharing_enabled":true,"acf":[],"_links":{"self":[{"href":"https:\/\/enotecalaboutiquedelvino.it\/index.php?rest_route=\/wp\/v2\/product\/27775","targetHints":{"allow":["GET"]}}],"collection":[{"href":"https:\/\/enotecalaboutiquedelvino.it\/index.php?rest_route=\/wp\/v2\/product"}],"about":[{"href":"https:\/\/enotecalaboutiquedelvino.it\/index.php?rest_route=\/wp\/v2\/types\/product"}],"wp:featuredmedia":[{"embeddable":true,"href":"https:\/\/enotecalaboutiquedelvino.it\/index.php?rest_route=\/wp\/v2\/media\/37549"}],"wp:attachment":[{"href":"https:\/\/enotecalaboutiquedelvino.it\/index.php?rest_route=%2Fwp%2Fv2%2Fmedia&parent=27775"}],"wp:term":[{"taxonomy":"product_brand","embeddable":true,"href":"https:\/\/enotecalaboutiquedelvino.it\/index.php?rest_route=%2Fwp%2Fv2%2Fproduct_brand&post=27775"},{"taxonomy":"product_cat","embeddable":true,"href":"https:\/\/enotecalaboutiquedelvino.it\/index.php?rest_route=%2Fwp%2Fv2%2Fproduct_cat&post=27775"},{"taxonomy":"product_tag","embeddable":true,"href":"https:\/\/enotecalaboutiquedelvino.it\/index.php?rest_route=%2Fwp%2Fv2%2Fproduct_tag&post=27775"}],"curies":[{"name":"wp","href":"https:\/\/api.w.org\/{rel}","templated":true}]}}