{"id":28663,"date":"2025-05-06T10:51:02","date_gmt":"2025-05-06T10:51:02","guid":{"rendered":"https:\/\/enotecalaboutiquedelvino.it\/?product=kahlua-1-litro-16-vol"},"modified":"2026-04-10T15:40:26","modified_gmt":"2026-04-10T15:40:26","slug":"kahlua-1-litro-16-vol","status":"publish","type":"product","link":"https:\/\/enotecalaboutiquedelvino.it\/?product=kahlua-1-litro-16-vol","title":{"rendered":"Liquore Al Caff\u00e8 Kahlua 1 Litro 16% Vol."},"content":{"rendered":"<p><strong>Liquore Al Caff\u00e8 Kahlua 1 Litro 16% Vol.<\/strong><\/p>\n<p>Kahl\u00faa, il liquore al caff\u00e8 per eccellenza apprezzato in tutto il mondo, nasce, nonostante il suo nome che riporta ad origine pi\u00f9 esotiche, Kahl\u00faa \u00e8 il vocabolo arabo che significa caff\u00e8, in Messico a met\u00e0 degli anni Trenta. Popolare soprattutto per esser diventato l\u2019ingrediente necessario per la preparazione di famosissimi cocktail come il Mind Eraser e il White Russian, Kahl\u00faa \u00e8 liquore che, grazie alla fusione di eccellenti miscele di caff\u00e8, alcol puro, zucchero e quel sensuale tocco di vaniglia, ha la capacit\u00e0 di rendere unico ogni momento; bevuto liscio o aggiunto ad una tazzina di caff\u00e8, ghiacciato o riscaldato, persino nel latte freddo, dar\u00e0 quel tocco in pi\u00f9 trasformando le nostre serate. Color mogano profondo e brillante, dai netti richiami di caff\u00e8 espresso, vaniglia e burro, caramello e castagna; al palato \u00e8 caldo, morbido e moderatamente dolce, con bella persistenza finale dai rimandi di torrefazione.<\/p>\n<p>Gradazione Alcolica: 16% Vol.<\/p>\n<p>Nazione: Messico<\/p>\n<p>Produttore: Kahlua<\/p>\n<p>Venditore: Pernod Ricard Italia Spa<\/p>\n<p>&nbsp;<\/p>\n<p>&nbsp;<\/p>\n","protected":false},"excerpt":{"rendered":"<p>Liquore Al Caff\u00e8 Kahlua 1 Litro 16% Vol. Kahl\u00faa, il liquore al caff\u00e8 per eccellenza apprezzato in tutto il mondo, nasce, nonostante il suo nome che riporta ad origine pi\u00f9 esotiche, Kahl\u00faa \u00e8 il vocabolo arabo che significa caff\u00e8, in Messico a met\u00e0 degli anni Trenta. Popolare soprattutto per esser diventato l\u2019ingrediente necessario per la preparazione di famosissimi cocktail come il Mind Eraser e il White Russian, Kahl\u00faa \u00e8 liquore che, grazie alla fusione di eccellenti miscele di caff\u00e8, alcol puro, zucchero e quel sensuale tocco di vaniglia, ha la capacit\u00e0 di rendere unico ogni momento; bevuto liscio o aggiunto ad una tazzina di caff\u00e8, ghiacciato o riscaldato, persino nel latte freddo, dar\u00e0 quel tocco in pi\u00f9 trasformando le nostre serate. Color mogano profondo e brillante, dai netti richiami di caff\u00e8 espresso, vaniglia e burro, caramello e castagna; al palato \u00e8 caldo, morbido e moderatamente dolce, con bella persistenza finale dai rimandi di torrefazione. Gradazione Alcolica: 16% Vol. Nazione: Messico Produttore: Kahlua Venditore: Pernod Ricard Italia Spa &nbsp; &nbsp;<\/p>\n","protected":false},"featured_media":37639,"template":"","meta":{"_joinchat":[]},"product_brand":[],"product_cat":[3384,3333],"product_tag":[],"class_list":{"0":"post-28663","1":"product","2":"type-product","3":"status-publish","4":"has-post-thumbnail","6":"product_cat-estero","7":"product_cat-liquore","9":"first","10":"instock","11":"purchasable","12":"product-type-simple"},"jetpack_sharing_enabled":true,"acf":[],"_links":{"self":[{"href":"https:\/\/enotecalaboutiquedelvino.it\/index.php?rest_route=\/wp\/v2\/product\/28663","targetHints":{"allow":["GET"]}}],"collection":[{"href":"https:\/\/enotecalaboutiquedelvino.it\/index.php?rest_route=\/wp\/v2\/product"}],"about":[{"href":"https:\/\/enotecalaboutiquedelvino.it\/index.php?rest_route=\/wp\/v2\/types\/product"}],"wp:featuredmedia":[{"embeddable":true,"href":"https:\/\/enotecalaboutiquedelvino.it\/index.php?rest_route=\/wp\/v2\/media\/37639"}],"wp:attachment":[{"href":"https:\/\/enotecalaboutiquedelvino.it\/index.php?rest_route=%2Fwp%2Fv2%2Fmedia&parent=28663"}],"wp:term":[{"taxonomy":"product_brand","embeddable":true,"href":"https:\/\/enotecalaboutiquedelvino.it\/index.php?rest_route=%2Fwp%2Fv2%2Fproduct_brand&post=28663"},{"taxonomy":"product_cat","embeddable":true,"href":"https:\/\/enotecalaboutiquedelvino.it\/index.php?rest_route=%2Fwp%2Fv2%2Fproduct_cat&post=28663"},{"taxonomy":"product_tag","embeddable":true,"href":"https:\/\/enotecalaboutiquedelvino.it\/index.php?rest_route=%2Fwp%2Fv2%2Fproduct_tag&post=28663"}],"curies":[{"name":"wp","href":"https:\/\/api.w.org\/{rel}","templated":true}]}}